= -11*r**3 - 4*r**2 - 5*r + 1. Let v(m) = -12*m**3 - 5*m**2 - 5*m. Let o(c) = -6*q(c) + 5*v(c). What are the prime factors of o(3)?
2, 3
Suppose c - 4*x - 454 = 2*c, -c - 5*x = 450. List the prime factors of ((-2)/(-5))/((-4)/c).
47
Suppose g = -5*o - 18, 5*g + 4*o = 2*g - 10. Suppose -53 = -d - g*v, -3*d - 5*v = -7 - 153. List the prime factors of d.
5, 11
Let f be 3/6*1*-4. Let n = 29 - f. Suppose -3*a = -n - 65. List the prime factors of a.
2
Let o(m) be the third derivative of m**6/20 + m**5/60 - m**4/24 + m**3/6 - 8*m**2. Let f be o(2). Suppose -f = -d + 10. What are the prime factors of d?
61
Let b = 229 + -159. Let g = 246 - b. List the prime factors of g.
2, 11
Suppose y + 8 = 2*n - 158, -n - 2*y = -88. Suppose 0 = -b - 20 + n. List the prime factors of b.
2
Let r be (-2)/(3 - (-177)/(-57)). Suppose -5*w = -5*p + 6 + r, 0 = 2*w. Suppose -3*z + 1 = -p, 2*a - 76 = 2*z. List the prime factors of a.
2, 5
Suppose 5*r + 2024 = 8*r - 2*u, 688 = r + 2*u. List the prime factors of r.
2, 3, 113
What are the prime factors of (-2 - -1)*2/4*-110?
5, 11
Suppose a + 3*w = 81, -2*w + 7*w = 4*a - 341. Suppose -4*i + 480 = -a. List the prime factors of i.
3, 47
Let w(u) be the third derivative of -u**6/120 + u**5/20 - u**4/8 + u**3/3 + 6*u**2. Let v be w(2). Suppose 4*h - 32 = -v. What are the prime factors of h?
2
Let y be 4608/45 + 2/(-5). Suppose f - y = -4*w, 0*w = 2*w + 4*f - 58. What are the prime factors of w?
5
Let x = 1956 + 1009. What are the prime factors of x?
5, 593
Suppose 3*q - 1159 = 4*j, 0 = 4*q + q - j - 1960. What are the prime factors of q?
3, 131
Let a(g) = -3*g**3 + 3*g**2 - 8*g + 1. List the prime factors of a(-5).
491
Let w = -3374 - -6370. What are the prime factors of w?
2, 7, 107
Suppose 0*z = 4*z + 7*t - 37, 0 = -4*t - 4. What are the prime factors of z?
11
Let p = 2935 + -1240. List the prime factors of p.
3, 5, 113
Suppose -2*z + 2*b - 7 = -z, -4*z = 3*b - 27. Let k(u) = 19*u - 6. What are the prime factors of k(z)?
3, 17
Suppose 4*q = -2*w + 22, 3*q + 28 = 7*q + 4*w. Suppose 4*g + 396 = 4*m, q*m - 2*g = g + 399. List the prime factors of m.
2, 3, 17
List the prime factors of 123/((216/(-104))/(-9)).
13, 41
Suppose 0 = 4*r - 2*f + 6*f - 3688, 4*r = 3*f + 3702. List the prime factors of r.
2, 3, 7, 11
Let i = -13 + 18. Let y = 1 + 2. Suppose -y*t = -4*u + 49 + 19, i*u = -5*t + 50. What are the prime factors of u?
2, 7
List the prime factors of 2049 - (12 - 7 - 4).
2
Let h(x) = x**3 - 13*x**2 + x - 10. Let i be h(13). Suppose 0 = -a + i + 52. List the prime factors of a.
5, 11
Let l be (2 + (-6)/4)*10. Suppose 0*c = -l*c + 320. Suppose 6*f - c = 230. What are the prime factors of f?
7
Let l(y) = 6*y**2 + 3*y + 15. Let a(n) = 3*n - 64. Let o be a(19). List the prime factors of l(o).
2, 3
Let j be (-38)/6*(2 + 4). What are the prime factors of j/(-95) + 13/5?
3
Let j(l) = -l**2 + 2*l + 2. Let t be j(4). Let z = 8 + t. Suppose 155 = z*f + 3*f. What are the prime factors of f?
31
Let x = 8 + -2. Suppose 3*f = -x*v + v + 224, 0 = -3*v + 2*f + 142. Suppose -2*c + 4 = -v. What are the prime factors of c?
5
Let q(m) be the second derivative of m**4/6 + m**3/6 + 3*m**2/2 - 13*m. List the prime factors of q(-5).
2, 3
Let f be 2*46 - (-2)/1. Let n be ((-1)/4)/(-1) - (-1547)/(-28). Let z = f + n. What are the prime factors of z?
3, 13
Let o(p) = p**3 + 9*p**2 - 10*p. Let n be o(-10). Suppose n = -5*c + 2*c + 6. Suppose -3*b + 15 + 5 = c*v, 4*v + 20 = 0. What are the prime factors of b?
2, 5
Suppose 1836 = 6*s + 930. What are the prime factors of s?
151
Suppose 5*y + y - 18 = 0. Suppose 5*v = 5*q + 670, -q = 2*v + y*q - 250. What are the prime factors of v?
131
Let n(i) = 44*i - 3. Let q be n(3). Suppose -4*p - 185 - 147 = 0. Let u = p + q. List the prime factors of u.
2, 23
List the prime factors of (-3316)/6*108/(-72).
829
Let w = -1027 - -1715. List the prime factors of w.
2, 43
Let s = 33 + -71. Let a = 10 - s. List the prime factors of (a/(-15))/((-4)/10).
2
Let w = -2 + 3. Let v be (6/(-5))/(w/(-25)). List the prime factors of (-156)/(-10)*100/v.
2, 13
List the prime factors of 147/(-392) + 15302/16.
2, 239
Let u(t) = t**2 - 17*t + 38. Let f be u(16). Let r = f + -17. What are the prime factors of r?
5
Suppose z + 4*j = -3*z + 28, -2*z - 4*j + 24 = 0. Suppose -r = -z*r + 5*y + 18, 6 = -r - 3*y. Suppose -9 = -3*p + r. List the prime factors of p.
2
Let k = 6 - 0. Suppose 0 = -8*q - k*q + 3276. What are the prime factors of q?
2, 3, 13
Let z = 62 - 104. Let b be -42*(-4 - z/9). What are the prime factors of (72/42)/((-6)/b)?
2
Suppose -5*h + 63 - 7 = 3*m, -5*m = h - 64. List the prime factors of (m + -17)*(-2)/((-10)/(-27)).
3
Suppose -3*c = 160 - 37. Let i = -21 - c. Suppose t + 0*t - i = 0. What are the prime factors of t?
2, 5
Suppose 3*d - 22 = -m + 12, -2*m - 3*d = -62. Suppose -q + 8*q = m. Suppose -q*z + 188 + 96 = 0. What are the prime factors of z?
71
What are the prime factors of (-560)/(-210)*3*73/2?
2, 73
Let i(j) = -8*j - 2. Let s = 65 - 72. List the prime factors of i(s).
2, 3
Let w be 1*-6*36/(-27). Suppose 2*p - w = -2*x + x, -x = -3*p + 7. Suppose -8 = x*y - 136. List the prime factors of y.
2
What are the prime factors of ((-262)/(-7))/((-102)/(-2856))?
2, 131
Suppose 6598 = 3*h - f, 10997 = 2*h + 3*h - 2*f. List the prime factors of h.
3, 733
Let f = 276 + -159. List the prime factors of f.
3, 13
Let u = -9 + 8. Let w be 70/40*(u - 3). List the prime factors of (-8)/28 + (-58)/w.
2
Suppose 44*f - 53088 = 2*f. What are the prime factors of f?
2, 79
List the prime factors of (55909/(-326))/(-2*(-1)/(-8)).
2, 7
Let u = -21 + 18. Let t be -2 + -1 - -44 - u. Suppose -t = -n - 12. What are the prime factors of n?
2
Let z(w) = -w - 1 - 1 + 0 + 8. Let r be (4/(-4) + 1)/2. List the prime factors of z(r).
2, 3
Suppose 4*r + 15596 = 4*t, -2*t - 3*r + 4594 = -3209. List the prime factors of t.
2, 3, 5, 13
Let z = 499 + -308. What are the prime factors of z?
191
Suppose 5*i = 29 + 21. Let q(g) = 12*g - 7. What are the prime factors of q(i)?
113
Suppose 2*y - 426 = -0*y. Let i be y/(-7) + (-12)/(-28). Let q = 36 + i. What are the prime factors of q?
2, 3
Let u be (-1)/((-10)/3 + 3). Let z(a) = -a + 7. Let v be z(u). Suppose -3*c = -2*g - 2, 5*g + 0*g - v = 3*c. What are the prime factors of c?
2
Let j(u) = 7*u + 18. Let h = -13 - -5. Let s be j(h). Let a = 0 - s. What are the prime factors of a?
2, 19
Suppose 67*f = 73*f - 17166. List the prime factors of f.
2861
Let m = 1189 + -680. List the prime factors of m.
509
Let f(n) = n**3 + 6*n**2 + 6*n - 4. Let s be f(-4). Suppose -s*l = 1 - 5. Let d(c) = 37*c - 1. List the prime factors of d(l).
2, 3
Suppose 3*w - 3*u = 3, 0 = -5*w + 3*u + 9 - 2. Suppose -3*v + 499 = 2*d, 3*v - v + w = 0. List the prime factors of d.
251
Suppose -3 + 23 = 4*n, 0 = -2*x + n + 5953. List the prime factors of x.
3, 331
Suppose 3*v = 5*s - 1733, 4*s - 808 - 600 = -3*v. List the prime factors of s.
349
Let t(w) = 109*w**3 + 2*w**2 - 2*w. What are the prime factors of t(1)?
109
Suppose -3*f + 5*b = -647, 0 = -3*f + 6*b - 4*b + 635. List the prime factors of f.
11, 19
Let x be (4/(-4))/1 + -8. Let b be ((-2)/3)/1*x. Suppose 28 = b*i - 4*i. List the prime factors of i.
2, 7
Suppose 3*b = -8*b + 836. List the prime factors of b.
2, 19
Suppose -11801 + 1692 = -11*l. List the prime factors of l.
919
Let s(b) be the second derivative of 2*b**3/3 + 7*b**2/2 + b. Let c = 7 - 2. List the prime factors of s(c).
3
Let m = 0 - -8. Suppose m*u - 2*u = 606. What are the prime factors of u?
101
Let o = -240 - -373. List the prime factors of o.
7, 19
Let p(b) = b - 19. Let o(i) = 5. Let g(k) = -9*o(k) - 2*p(k). Let s be g(-6). Suppose 5 = x - s*z - 25, 5*z = -3*x + 50. What are the prime factors of x?
2, 5
Let h = 22 + -13. List the prime factors of h/(-6) - (-147)/2 - 0.
2, 3
Let u be 3/(-15) - (-56)/5. Let i = 6 - u. List the prime factors of 58/6 + i/(-15).
2, 5
Let f = 304 - -118. Suppose -h - h = 2*x - f, 0 = 5*h - 2*x - 1020. List the prime factors of h.
2, 103
Suppose -2*z + 6*z - 12 = 0. Suppose -2*p = -5*r - 275, -z*p + 184 = -3*r + 2*p. Let u = r + 75. List the prime factors of u.
2, 11
Let z be (2/(-2))/(4/4). Let q be 846/(-30) - z/5. Let w = -9 - q. List the prime factors of w.
19
Suppose 0 = 2*b + 5*k - 